- 7. Calculate p(3).
-1
Let w(u) = 82*u - 1. Determine w(1).
81
Let w(u) = u**3 - 27*u**2 + 126*u + 30. Calculate w(21).
30
Let p(u) = 14*u**2 + 11*u. Determine p(-3).
93
Let h(r) = r**2 - 3*r - 5. Determine h(3).
-5
Let p(g) = g**2 - 7*g - 2. Determine p(8).
6
Let p(t) = 3*t + 7. What is p(-5)?
-8
Let f(w) = 4*w**3 + 32*w**2 - w - 5. Determine f(-8).
3
Let u(j) = 2*j + 20. Determine u(-15).
-10
Let d(o) = o**3 + o + 13. Calculate d(0).
13
Let z(g) = 42*g - 344. Calculate z(8).
-8
Let a(y) = y**3 - 7*y**2 + 3*y - 9. What is a(6)?
-27
Let w(j) = -j**2 - 6*j - 7. Calculate w(-6).
-7
Let i(u) = u**3 - 24*u**2 + 5*u - 56. Determine i(24).
64
Let v(x) = 2*x**3 - 39*x**2 - 28*x + 165. Calculate v(20).
5
Let q(a) = 2*a**2 - 24*a - 174. What is q(17)?
-4
Let c(d) = d**2 - 10*d - 20. What is c(11)?
-9
Let u(f) = -4*f**3 - 7*f**2 - 2*f + 2. What is u(-1)?
1
Let o(h) = h**3 - 4*h**2 - h - 7. Determine o(3).
-19
Let b(h) = 3*h**2 + 19*h - 19. Determine b(-7).
-5
Let f(g) = -2*g**2 + 3*g + 5. What is f(-2)?
-9
Let b(h) = -h**2 - 2*h - 19. Calculate b(5).
-54
Let z(x) = x**3 - 2*x**2 - 2*x + 1. Calculate z(-3).
-38
Let b(a) = a**3 - 17*a**2 - 16*a - 44. Calculate b(18).
-8
Let l(h) = 4*h**3 + 8*h**2 - 5*h - 2. What is l(-2)?
8
Let f(p) = p**3 - 8*p**2 - 7*p - 6. Give f(9).
12
Let f(p) = -p**2 - 17*p - 19. Give f(-15).
11
Let o(s) = -s - 8. Determine o(3).
-11
Let w(m) = m**3 + 4*m**2 - 7*m - 12. Calculate w(-5).
-2
Let x(c) = -c**2 + 22*c + 25. Determine x(23).
2
Let v(j) = -30*j + 6. Calculate v(2).
-54
Let z(v) = 2*v**2 - 3*v + 1. Calculate z(2).
3
Let q(w) = -w + 10. Determine q(-10).
20
Let b(h) = h**3 + 9*h**2 + 11*h - 8. Determine b(-8).
-32
Let g(l) = l**3 - l**2 + 7*l - 14. Give g(2).
4
Let q(d) = -d**2 + 19*d - 22. Determine q(18).
-4
Let n(b) = -b**3 + 6*b**2 - 2*b - 1. Give n(6).
-13
Let t(x) = 52*x + 4. Give t(-1).
-48
Let l(w) = -w**2 + 14*w - 13. Give l(10).
27
Let n(p) = -31*p + 158. Determine n(5).
3
Let u(w) = 2*w**3 + w. Calculate u(1).
3
Let t(g) = g**2 - 19*g + 26. What is t(17)?
-8
Let y(p) = -4*p**2 - 7*p + 21. Give y(-7).
-126
Let q(v) = v**3 - 11*v**2 - 7*v + 19. Calculate q(11).
-58
Let n(x) = 2*x**2 + 147*x - 80. Give n(-74).
-6
Let n(m) = -6*m - 35. Calculate n(-5).
-5
Let n(c) = c + 13. Determine n(0).
13
Let x(a) = -a**2 - 11*a - 18. What is x(-9)?
0
Let z(o) = 2*o + 9. Calculate z(-5).
-1
Let f(q) = -3*q + 94. What is f(30)?
4
Let p(z) = 4*z**2 + z. What is p(-2)?
14
Let s(b) = 5*b - 66. What is s(-16)?
-146
Let w(q) = q**3 - 9*q**2 + 7*q + 10. Determine w(8).
2
Let y(g) = 5*g**3 - g**2 - g. Determine y(-1).
-5
Let m(r) = -4*r + 47. What is m(14)?
-9
Let p(y) = y**3 + 28*y**2 + 26*y + 2. What is p(-27)?
29
Let r(u) = 3*u**2 - 11*u. What is r(-4)?
92
Let b(i) = -8*i - 65. Give b(-9).
7
Let j(g) = -g**3 - g**2 - 4. What is j(-2)?
0
Let n(c) = c**3 - 10*c**2 + 5*c - 64. What is n(10)?
-14
Let u(n) = -n**2 + 27*n - 87. Calculate u(23).
5
Let s(v) = v**2 - 23*v + 123. Calculate s(9).
-3
Let f(g) = g - 8. What is f(-7)?
-15
Let o(q) = -q**3 + 5*q**2 + q - 2. What is o(4)?
18
Let k(f) = f**2 + 4*f - 6. Calculate k(-4).
-6
Let j(y) = -5*y + 57. Determine j(15).
-18
Let n(w) = -w**3 + 8*w**2 + 18*w + 11. Determine n(10).
-9
Let x(o) = o**2 - 2*o - 12. Give x(4).
-4
Let b(t) = t**3 - 2*t**2 + 2*t + 4. Give b(0).
4
Let r(p) = -10*p**2 + 64*p + 7. Calculate r(6).
31
Let l(f) = -2*f**3 - 3*f**2 + 2*f + 3. Calculate l(-3).
24
Let f(w) = -2*w**2 + 24*w - 2. Give f(12).
-2
Let a(v) = -8*v + 8. Give a(8).
-56
Let z(v) = -2*v**3 + 7*v**2 - 5*v + 6. What is z(3)?
0
Let r(o) = -o**3 - 5*o**2 + 6*o + 8. Determine r(-6).
8
Let q(d) = -d**2 + 2*d - 1. What is q(2)?
-1
Let m(v) = -30*v - 69. Give m(-3).
21
Let f(l) = -l**2 - 19*l + 3. Give f(-19).
3
Let z(r) = -9*r + 40. Determine z(6).
-14
Let y(t) = -t**2 + 26*t - 145. What is y(9)?
8
Let b(q) = -q**3 + 3*q**2 + 23*q + 18. Calculate b(-3).
3
Let u(w) = w**2 + 11*w - 35. Give u(-14).
7
Let u(p) = -71*p**2 - 6*p - 6. Give u(-1).
-71
Let n(i) = -3*i - 5. Determine n(-5).
10
Let p(b) = 7*b + 40. Calculate p(-7).
-9
Let i(s) = s**2 + 15*s - 46. Calculate i(-18).
8
Let i(l) = -12*l**2 + l + 2. Determine i(2).
-44
Let t(u) = u**3 + 11*u**2 - u - 13. Calculate t(-11).
-2
Let t(f) = f**3 + 10*f**2 + 4*f - 40. Calculate t(-9).
5
Let h(f) = 30*f + 195. Calculate h(-7).
-15
Let u(w) = -w**2 - 18*w + 34. Determine u(-20).
-6
Let d(m) = -2*m + 9. Determine d(5).
-1
Let d(i) = 4*i + 5. Determine d(0).
5
Let b(h) = -h**2 + 18*h - 83. Determine b(10).
-3
Let q(y) = y**3 - 11*y**2 + 12*y + 14. Give q(10).
34
Let p(i) = i**3 + 15*i**2 + 24*i + 2. Calculate p(-13).
28
Let f(m) = -3*m**2 + 5*m - 6. Give f(3).
-18
Let a(w) = w - 24. What is a(7)?
-17
Let j(q) = 7*q - 70. Determine j(6).
-28
Let i(j) = -j**2 + 18*j - 23. Determine i(17).
-6
Let i(g) = 5*g**2 + g + 1. What is i(4)?
85
Let t(c) = -c**3 + 17*c**2 + 60*c + 3. Determine t(20).
3
Let b(m) = 2*m**3 - 3*m**2 - 6*m - 4. What is b(3)?
5
Let j(g) = -g**3 - 16*g**2 - 64*g + 18. What is j(-8)?
18
Let a(b) = -6*b**2 + 5*b - 3. Calculate a(3).
-42
Let h(p) = -2*p - 77. Determine h(-31).
-15
Let i(m) = 11*m - 527. Calculate i(48).
1
Let r(v) = -6*v**3 - 3*v - 2. Calculate r(-1).
7
Let d(h) = 13*h - 15. What is d(4)?
37
Let d(y) = -y**3 + 6*y**2 - 9*y - 1. Calculate d(4).
-5
Let h(y) = -2*y - 22. Give h(-15).
8
Let l(a) = -a**3 + 5*a**2 + 10*a - 6. Calculate l(7).
-34
Let q(k) = 2*k**2 + 27*k - 8. Give q(-14).
6
Let c(z) = 13*z + 1. Give c(1).
14
Let f(r) = 15*r - 147. Give f(10).
3
Let w(t) = -6*t - 12. Determine w(-5).
18
Let p(a) = a**2 + 8*a + 2. Calculate p(-6).
-10
Let r(v) = v**3 + 8*v**2 + 4*v + 17. Determine r(-8).
-15
Let o(y) = 2*y**2 + 7*y - 3. Determine o(-7).
46
Let b(t) = 2*t**2 + 9*t - 11. Calculate b(-5).
-6
Let q(p) = -p**3 - 12*p**2 - 10*p + 2. Give q(-11).
-9
Let i(z) = z**2 - 9*z + 5. Give i(10).
15
Let p(r) = -r**2 + 2*r - 49. Determine p(0).
-49
Let p(c) = -10*c - 8. Give p(1).
-18
Let y(v) = v**3 - 4*v**2 - 3*v - 4. What is y(5)?
6
Let q(n) = -n**3 + 19*n**2 - 36*n + 16. What is q(17)?
-18
Let a(g) = g**2 - 13*g + 17. Give a(12).
5
Let w(n) = -232*n + 690. Calculate w(3).
-6
Let i(h) = 6*h - 155. Calculate i(27).
7
Let z(w) = -w**3 + 4*w**2 + 5*w + 6. Determine z(5).
6
Let f(q) = 8*q - 74. Calculate f(10).
6
Let p(v) = -v**3 + 8*v**2 - 3*v - 23. Give p(7).
5
Let g(p) = -14*p**2 + 4*p - 3. Give g(1).
-13
Let d(b) = b**2 - 9*b + 7. What is d(8)?
-1
Let c(g) = -7*g - 36. Give c(-8).
20
Let o(b) = 5*b**2 - 5*b - 8. Calculate o(-2).
22
Let r(y) = -12*y + 21. Give r(2).
-3
Let q(x) = x**3 - 5*x**2 - 7*x - 1. What is q(6)?
-7
Let r(c) = c - 1. Give r(1).
0
Let o(x) = -x**3 - 13*x**2 - 41*x - 2. Determine o(-6).
-8
Let p(w) = 2*w**2 + 3*w. Calculate p(-2).
2
Let k(u) = u**3 + 10*u**2 + 16*u - 3. What is k(-8)?
-3
Let m(b) = -2*b**2 - 17*b + 10. Calculate m(-8).
18
Let x(k) = -2*k**2 - 2*k + 1. Determine x(1).
-3
Let x(j) = j**2 - 10*j - 35. Give x(13).
4
Let t(q) = -2*q**3 - q + 12. Give t(0).
12
Let g(l) = l**2 - 8*l - 5. What is g(6)?
-17
Let n(x) = 3*x**2 - 43*x - 9. Calculate n(14).
-23
Let m(v) = v**3 + 8*v**2 + 5*v + 23. Determine m(-8).
-17
Let q(z) = -2*z**3 - 15*z**2 + 11*z + 27. What is q(-8)?
3
Let u(t) = -t**2 + 16*t + 5. Determine u(17).
-12
Let r(g) = -g**3 - 6*g**2 + 2*g + 1. Determine r(-6).
-11
Let j(l) = -16*l + 1. What is j(-1)?
17
Let k(d) = d**3 + 13*d**2 - 8. What is k(-13)?
-8
Let l(g) = g**2 - 2*g + 5. Give l(4).
13
Let k(i) = 8*i**2 + 68*i - 29. Determine k(-9).
7
Let s(t) = -t**3 + 12*t**2 - 10*t + 5. Give s(11).
16
Let r(t) = -4*t + 19. Determine r(-6).
43
Let y(c) = c**2 + 9*c - 90. Determine y(-15).
0
Let o(k) = -25*k + 41. Give o(4).
-59
Let v(z) = z**2 - 11*z + 4. What is v(11)?
4
Let m(u) = u**2 + 9*u + 3. Determine m(-5).
-17
Let i(l) = l**2 + 24*l + 45. Give i(-22).
1
Let w(j) = -9*j**2 - j + 2. What is w(1)?
-8
Let p(l) = -l**3 - 17*l**2 + 20*l + 23. Give p(-18).
-13
Let j(l) = -88*l + 178. Give j(2).
2
Let k(r) = -r**2 + 35*r + 112. What is k(38)?
-2
Let s(l) = l**3 - 9*l**2 + 5*l + 18. Calculate s(8).
-6
Let u(t) = -36*t - 934. Give u(-26).
2
Let t(u) = 5*u + 8. What is t(0)?
8
Let t(q) = -q**2 - 3*q - 1. What is t(-2)?
1
Let s(p) = 3*p + 33. What is s(-11)?
0
Let k(l) = -l**2 + 17*l - 28. What is k(15)?
2
Let x(v)